 by 709.
3
What is the remainder when 111537 is divided by 15?
12
Calculate the remainder when 827 is divided by 288.
251
What is the remainder when 7996 is divided by 400?
396
What is the remainder when 8011 is divided by 141?
115
Calculate the remainder when 26354 is divided by 191.
187
What is the remainder when 162430 is divided by 95?
75
Calculate the remainder when 5882 is divided by 57.
11
What is the remainder when 83760 is divided by 138?
132
What is the remainder when 469787 is divided by 218?
215
What is the remainder when 1233 is divided by 321?
270
Calculate the remainder when 40140 is divided by 9983.
208
What is the remainder when 4963 is divided by 1322?
997
Calculate the remainder when 15854 is divided by 360.
14
Calculate the remainder when 2658 is divided by 524.
38
What is the remainder when 7214 is divided by 1198?
26
Calculate the remainder when 1420 is divided by 1353.
67
Calculate the remainder when 6435 is divided by 1048.
147
Calculate the remainder when 4120 is divided by 472.
344
Calculate the remainder when 3049 is divided by 32.
9
What is the remainder when 41592 is divided by 202?
182
What is the remainder when 151837 is divided by 208?
205
Calculate the remainder when 56027 is divided by 321.
173
Calculate the remainder when 84044 is divided by 195.
194
What is the remainder when 1162 is divided by 289?
6
Calculate the remainder when 3801 is divided by 620.
81
What is the remainder when 3401918 is divided by 64?
62
What is the remainder when 17679 is divided by 4399?
83
What is the remainder when 592654 is divided by 41?
40
What is the remainder when 350582 is divided by 28?
22
Calculate the remainder when 2890 is divided by 12.
10
Calculate the remainder when 24821 is divided by 800.
21
Calculate the remainder when 255751 is divided by 181.
179
Calculate the remainder when 18057 is divided by 1805.
7
Calculate the remainder when 6102 is divided by 1224.
1206
What is the remainder when 1819 is divided by 307?
284
Calculate the remainder when 2791 is divided by 2494.
297
Calculate the remainder when 729 is divided by 632.
97
Calculate the remainder when 450 is divided by 369.
81
Calculate the remainder when 177017 is divided by 265.
262
What is the remainder when 33244 is divided by 16611?
22
Calculate the remainder when 402981 is divided by 918.
897
Calculate the remainder when 6492 is divided by 19.
13
What is the remainder when 17747 is divided by 2674?
1703
What is the remainder when 14847 is divided by 224?
63
Calculate the remainder when 182961 is divided by 295.
61
What is the remainder when 11065 is divided by 482?
461
Calculate the remainder when 175302 is divided by 43822.
14
Calculate the remainder when 2772 is divided by 31.
13
Calculate the remainder when 986 is divided by 18.
14
What is the remainder when 11078 is divided by 3685?
23
What is the remainder when 162121 is divided by 54027?
40
Calculate the remainder when 82373 is divided by 22.
5
Calculate the remainder when 14111 is divided by 1007.
13
Calculate the remainder when 13946 is divided by 1265.
31
Calculate the remainder when 1193 is divided by 109.
103
What is the remainder when 39211 is divided by 30?
1
Calculate the remainder when 3504 is divided by 1168.
0
What is the remainder when 8773 is divided by 1039?
461
What is the remainder when 1499 is divided by 643?
213
Calculate the remainder when 14564 is divided by 7235.
94
Calculate the remainder when 5766849 is divided by 182.
179
What is the remainder when 2597 is divided by 218?
199
Calculate the remainder when 259 is divided by 41.
13
What is the remainder when 547227 is divided by 145?
142
What is the remainder when 59850 is divided by 516?
510
What is the remainder when 67062 is divided by 13412?
2
Calculate the remainder when 10263 is divided by 87.
84
What is the remainder when 3391 is divided by 23?
10
What is the remainder when 7440 is divided by 1860?
0
Calculate the remainder when 2587 is divided by 108.
103
What is the remainder when 44705 is divided by 3435?
50
What is the remainder when 246191 is divided by 81?
32
Calculate the remainder when 12723 is divided by 3178.
11
Calculate the remainder when 18316 is divided by 573.
553
Calculate the remainder when 5671 is divided by 5573.
98
What is the remainder when 336785 is divided by 10?
5
Calculate the remainder when 833542 is divided by 59538.
10
What is the remainder when 219719 is divided by 122?
119
Calculate the remainder when 749250 is divided by 374623.
4
Calculate the remainder when 124636 is divided by 41529.
49
What is the remainder when 6047 is divided by 119?
97
Calculate the remainder when 1476 is divided by 209.
13
What is the remainder when 5449 is divided by 2716?
17
Calculate the remainder when 11495 is divided by 20.
15
What is the remainder when 3093 is divided by 1031?
0
Calculate the remainder when 2446 is divided by 2352.
94
Calculate the remainder when 5897 is divided by 5857.
40
What is the remainder when 60149 is divided by 54?
47
Calculate the remainder when 5696 is divided by 51.
35
Calculate the remainder when 60289 is divided by 14997.
301
Calculate the remainder when 236049 is divided by 117995.
59
What is the remainder when 338384 is divided by 2707?
9
Calculate the remainder when 34969 is divided by 169.
155
Calculate the remainder when 2075550 is divided by 8.
6
What is the remainder when 322966 is divided by 203?
196
What is the remainder when 45499 is divided by 250?
249
Calculate the remainder when 859 is divided by 214.
3
Calculate the remainder when 57572 is divided by 329.
326
What is the remainder when 7417 is divided by 250?
167
Calculate the remainder when 196150 is divided by 295.
270
What is the remainder when 3397768 is divided by 67?
64
What is the remainder when 55912 is divided by 4?
0
Calculate the remainder when 231412 is divided by 38.
30
What is the remainder when 74814 is divided by 9?
6
Calculate the remainder when 92079 is divided by 23019.
3
Calculate the remainder when 52746 is divided by 16.
10
What is the remainder when 3076 is divided by 734?
140
Calculate the remainder when 724 is divided by 10.
4
What is the remainder when 6492 is divided by 6487?
5
Calculate the remainder when 499213 is divided by 1090.
1083
What is the remainder when 223299 is divided by 319?
318
What is the remainder when 1143916 is divided by 40?
36
What is the remainder when 13880 is divided by 7?
6
Calculate the remainder when 5160 is divided by 81.
57
Calculate the remainder when 8190 is divided by 154.
28
What is the remainder when 1157 is divided by 26?
13
Calculate the remainder when 12733 is divided by 93.
85
What is the remainder when 2579679 is divided by 17?
14
What is the remainder when 21662 is divided by 3?
2
What is the remainder when 635153 is divided by 34?
33
What is the remainder when 581159 is divided by 290555?
49
What is the remainder when 7205 is divided by 2371?
92
What is the remainder when 8299 is divided by 1976?
395
What is the remainder when 585603 is divided by 382?
379
Calculate the remainder when 9707 is divided by 436.
115
Calculate the remainder when 469 is divided by 461.
8
Calculate the remainder when 514 is divided by 188.
138
What is the remainder when 141010 is divided by 251?
199
Calculate the remainder when 75533 is divided by 2288.
29
What is the remainder when 221381 is divided by 4025?
6
What is the remainder when 406656 is divided by 45?
36
Calculate the remainder when 4728009 is divided by 490.
489
Calculate the remainder when 54602 is divided by 20.
2
What is the remainder when 11837 is divided by 191?
186
Calculate the remainder when 1164293 is divided by 232856.
13
What is the remainder when 16690 is divided by 371?
366
What is the remainder when 625 is divided by 328?
297
Calculate the remainder when 7540 is divided by 2368.
436
What is the remainder when 10495 is divided by 2433?
763
What is the remainder when 1479 is divided by 94?
69
What is the remainder when 5253 is divided by 11?
6
What is the remainder when 26625 is divided by 26?
1
What is the remainder when 84157 is divided by 69?
46
Calculate the remainder when 536 is divided by 92.
76
Calculate the remainder when 810 is divided by 87.
27
What is the remainder when 1199 is divid